uppose 337 = w*f - 255. What are the prime factors of f?
2, 37
Let o = 113281 - 56613. List the prime factors of o.
2, 31, 457
Suppose -4*d + 39 = 5*v, -4*d + 2*v = -54 - 20. Let s(o) = 36 + 206 - d - 3*o. What are the prime factors of s(0)?
2, 113
Let a = 4582 - 35. List the prime factors of a.
4547
List the prime factors of (-4)/((-16)/14082)*(-200)/(-30).
2, 5, 2347
Let n(f) = -f**2 - 13*f + 1. Suppose 3*p - 162 = -5*w, 0*w + 2*p - 97 = -3*w. Suppose 0 = -5*a - w + 3. What are the prime factors of n(a)?
43
Let i be (-4)/12*(2 - -1). Let z be ((-745)/25 - -1)/(i/10). Suppose 11*j = 5*j + z. List the prime factors of j.
2, 3
Suppose 28*d - 34 = 11*d. Suppose -151 = -d*b + 145. What are the prime factors of b?
2, 37
Let r = 29625 - 17844. What are the prime factors of r?
3, 7, 11, 17
Let o = 2330 - -1603. Suppose 14*u = 13201 - o. What are the prime factors of u?
2, 331
Let y = 2 - 2. Suppose 2*g + 5*x + 15 = 0, 27*g - 4*x = 32*g - 5. Suppose u + 4*a - 57 = y, g*a + 32 + 88 = 3*u. What are the prime factors of u?
3, 5
Suppose -3*q + 1073 = -5*h + 8616, 3 = -3*h. Let i(g) = 3*g**3 + 5*g**2 + 4*g + 4. Let k be i(-3). What are the prime factors of (-4)/22 + q/k?
3, 19
Let y be 2/16*6 + (-1771)/(-28). Let q = -16 + y. Suppose -q = 5*z - 8*z. List the prime factors of z.
2
Let c be 7/42*18*61/3. Let b = c + 147. List the prime factors of b.
2, 13
Let j(p) = 319*p + 2931. What are the prime factors of j(34)?
23, 599
Let l(a) = -2*a + 2. Let w be l(0). Suppose 3*h = -5*t + 115, 0 = -2*h + w*t + t + 102. List the prime factors of 1135/h - 6/27.
5
Suppose 0 = -7*f - 4*f + 297. Suppose f = k - 258. Suppose 3*j - k = 435. List the prime factors of j.
2, 3, 5
Suppose 5*t = i - 27, 8*i - 5*t = 9*i - 27. Let a(g) = -50*g - 6. Let f be a(-5). Suppose i*m - f = 23*m. What are the prime factors of m?
61
Let v = -573 - -579. Suppose 4*p - 5500 = -v*p. What are the prime factors of p?
2, 5, 11
Let s(w) = w**3 + 11*w**2 - 4*w - 48. Let y be s(-11). Suppose 2*r = -4, -7 = 4*q - r - 1. List the prime factors of (408 + y)*q/(-4).
2, 101
Let h = 25 + -25. Let g be 2 + h + (-37 - 0). Let j = g + 43. What are the prime factors of j?
2
Suppose -112*r - 2*s + 128594 = -109*r, 42878 = r - s. List the prime factors of r.
2, 3, 5, 1429
Suppose -810 = 3*x - y, 2*x + 281 + 273 = -4*y. Suppose 0*a - 3*a - 573 = 0. Let u = a - x. What are the prime factors of u?
2, 5
Suppose -3*v = -5*v + m + 25, 2*v - 16 = -2*m. Suppose -w + 234 = -k, -v*k + 10*k = -2. List the prime factors of w.
2, 59
Suppose -4*k - 1364 = -66*k. Suppose 0 = k*u - 14702 - 24194. What are the prime factors of u?
2, 13, 17
Let z = -86 - -70. Let t be z/12*60/(-8). Suppose 12 = t*b - 8*b. List the prime factors of b.
2, 3
Suppose 12*q - 17*q = 5. Let g be (-1 - 0)/q*5. Suppose -d + 4*c = -39, -4*c - 211 = -10*d + g*d. What are the prime factors of d?
43
Let z(f) = 30*f**2 + 78*f + 5. What are the prime factors of z(-11)?
2777
Let s be 66/1 - (2 - 3 - -5). Suppose 5*v = -2*g + 43, 3*v - 1 = 5*g - s. Let w = 142 + g. What are the prime factors of w?
2, 3, 13
Suppose -33*m + 1990322 = -235660. List the prime factors of m.
2, 29, 1163
Suppose -w + 17 - 2 = 4*i, -30 = -5*i + w. Suppose -132 = -r - i*r. What are the prime factors of r?
2, 11
What are the prime factors of 37158/(-44)*(-1 + ((-910)/6)/7)?
2, 17, 563
Suppose -z + 40 + 14 = -3*d, 15 = 5*z. Let k = d + 21. Suppose k*q - 80 = 60. List the prime factors of q.
5, 7
Let z = 34495 + -21893. What are the prime factors of z?
2, 6301
Suppose 5*s - 150 = 2*h, 5*h - 4*h - 5*s + 75 = 0. List the prime factors of (-4)/(4/h) + -6.
3, 23
List the prime factors of (-2 - (-24518)/65)/(2/25).
2, 5, 7, 67
Let q = 37354 + -24121. What are the prime factors of q?
3, 11, 401
Let m be 1 + 7/(-9) + 595/765. Let v be m/(-2) + 35/10. Suppose 3*i - 5*j = -0*i + 27, -2*i - v*j + 37 = 0. List the prime factors of i.
2, 7
Let a = -13 + 13. Suppose a = 9*z - 8*z - 50. List the prime factors of 20/z + 143/5.
29
Let i(m) = 7*m**3 + 9*m**2 + 24*m - 171. What are the prime factors of i(17)?
59, 631
Suppose 2*n = 2*r + 3*n - 5, 0 = 3*r + 5*n - 18. Suppose 4*l = d - 6 - r, -3*d + 3 = -3*l. List the prime factors of d/(-2)*(-2 - -334).
2, 83
Let q(r) be the third derivative of r**6/120 - r**5/4 + 13*r**4/12 + 16*r**3/3 + 5*r**2 - r. List the prime factors of q(15).
2, 211
Suppose -4*g + 393 = -123. Let m = -43 - 24. Let z = g + m. What are the prime factors of z?
2, 31
Suppose 3*k + 2283 = 4*c, -3*c = 2*k + 214 - 1905. Suppose -c = b - 8*b. List the prime factors of b.
3
Let x(y) = -686*y - 611. List the prime factors of x(-11).
5, 19, 73
Let t = -27 - -122. Let z be (t/15)/((-1)/(-81)). Suppose 2*l = f + z, -4*f + 1025 = 4*l - 5*f. List the prime factors of l.
2
Suppose 0 = 2*q - 570 - 644. Suppose 0 = 3*d + 3*a - 74 - 1759, -d + q = -3*a. What are the prime factors of d?
2, 5, 61
What are the prime factors of 14/3*(69/(-46))/((-2)/10748)?
2, 7, 2687
Let x(f) = 47*f**2 + 73*f + 796. What are the prime factors of x(-14)?
2, 4493
Let s(n) = 152 + 82*n - 13*n - 145. List the prime factors of s(3).
2, 107
Let z = 15591 - -5333. What are the prime factors of z?
2, 5231
Suppose -10*x + 1330 = -330. Suppose 5*c - v - 1801 = 0, x = -2*c + v + 884. What are the prime factors of c?
19
Suppose -2*u = -7*u. Suppose 66*m - 72*m + 960 = u. List the prime factors of m.
2, 5
Suppose 3*i + 15 = 0, -5*o + o - 2*i = -1882. Let v = 62 + o. What are the prime factors of v?
5, 107
Let y(j) = -178*j - 2528. List the prime factors of y(-51).
2, 5, 131
Suppose o - 1134 = -2*o. Let h be (1 - -2)/(-9*15/(-855)) + -5. Suppose -1120 = -h*f - o. What are the prime factors of f?
53
Let g(x) = -575*x**3 + 10*x**2 + 16*x - 6. List the prime factors of g(-2).
2, 3, 13, 59
Let r = -826 + 831. Suppose -4*t + 5288 = r*b, -9*b = -t - 7*b + 1309. What are the prime factors of t?
3, 439
Let j(l) = l**3 - 3*l**2 - 6. Let p be j(3). Let z(s) = 85*s + 13. Let c(k) = 254*k + 38. Let u(m) = p*c(m) + 17*z(m). What are the prime factors of u(-2)?
151
Suppose 4*h + 2*p = h + 49, -4*p + 68 = 4*h. Let f be (-8)/(-20) - 291/h. Let j(k) = k**3 + 19*k**2 + k + 24. What are the prime factors of j(f)?
5
Suppose -68*c + 694614 = -1734958. List the prime factors of c.
35729
Let a = 12183 - 7926. List the prime factors of a.
3, 11, 43
Let z = 4 - 1. Suppose -89 = -3*i - 2*q, -6*i - 5*q + 101 = -z*i. What are the prime factors of 14 + 9/(i/6)?
2
Suppose -17*c - c - 14624 = -171620. What are the prime factors of c?
2, 7, 89
Suppose -20*x + 23*x = -s + 72185, 4*s = 5*x - 120331. List the prime factors of x.
3, 13, 617
What are the prime factors of (-2 + 198/4)*(-10668)/(-15)?
2, 7, 19, 127
Let p(d) = 3*d**3 + 139*d**2 + 97*d + 14. What are the prime factors of p(-44)?
2, 4649
Let a = -210 + 208. What are the prime factors of ((-12)/18)/(a/1203)?
401
Suppose 5*f - 24 = 3*h, 39*h = 42*h + 2*f + 3. Let y be (0 - -50)*(-2 + 1). What are the prime factors of (14/h)/(y/(-18) + -3)?
3, 7
Let f = 64 + -31. Let b be f/22*(-32)/6. List the prime factors of (12/b)/((-1)/36).
2, 3
Suppose 3*n - 5*n - 75330 = -8*n. List the prime factors of n.
3, 5, 31
Let i be (9 + 1)*-1*4/(-10). List the prime factors of (-237611)/(-209) + i/38.
3, 379
Let x(n) = n**3 + 31*n**2 + 13*n + 72. List the prime factors of x(14).
2, 13, 349
Let j(l) = l**2 + 23*l - 581. List the prime factors of j(53).
3, 383
Let n(i) = 41*i**3 - 6*i - 5. Let x be n(-2). Let c be (-7)/28 - x/4. Let u = c - 50. List the prime factors of u.
2, 3, 5
Let f be (((-45)/(-6))/3)/(11/22). Suppose -3*u = f*t + 268 - 954, -2*u = -t + 132. What are the prime factors of t?
2, 17
What are the prime factors of (342/(-15) - -18)*((-4729)/3 - -3)?
2, 59
Let k = -12329 - -87480. What are the prime factors of k?
223, 337
Suppose -2*y + 13 = -13. Suppose y*g - 5*g - 24 = 0. Suppose -g*c = -410 - 325. What are the prime factors of c?
5, 7
Suppose -4*u - 4*z + 875 = -861, -4*z + 874 = 2*u. Suppose -3*t + u = h - 0*h, 711 = 5*t - 2*h. What are the prime factors of t?
11, 13
Let j(y) = -y**3 - 9*y**2 - 2*y - 40. Let o be j(-10). Let q = -57 + o. Let g(z) = -z**3 + 23*z**2 - z + 56. List the prime factors of g(q).
3, 11
Let n = -4374 + 6351. What are the prime factors of n?
3, 659
Let b(a) = a**3 + 33*a**2 - 18*a + 150.